 the highest common divisor of 281320 and 189176.
104
What is the greatest common divisor of 772 and 59144?
4
Calculate the highest common divisor of 2852382 and 6264.
174
What is the greatest common divisor of 707332 and 228589?
4313
Calculate the greatest common factor of 22034889 and 152.
19
What is the highest common divisor of 10647 and 53183?
13
What is the greatest common divisor of 8967275 and 25?
25
Calculate the highest common factor of 252 and 4502232.
252
What is the greatest common factor of 9309615 and 3570?
105
Calculate the highest common divisor of 9212 and 543536.
28
What is the greatest common divisor of 8000 and 95000?
1000
What is the highest common factor of 15260 and 37988244?
3052
What is the greatest common factor of 1251 and 27636397?
139
What is the highest common divisor of 8577928 and 76?
4
Calculate the highest common factor of 8874 and 998847.
261
What is the highest common factor of 5203 and 289089?
43
Calculate the highest common divisor of 93960 and 298120.
1160
Calculate the greatest common divisor of 7726064 and 928.
464
What is the greatest common factor of 14322 and 35410494?
1302
What is the greatest common divisor of 25839 and 23548?
29
Calculate the highest common divisor of 81541932 and 688.
172
What is the highest common factor of 209 and 89452627?
209
What is the greatest common factor of 22 and 59538226?
22
Calculate the highest common factor of 40043 and 69230.
23
What is the greatest common factor of 17457228 and 288?
36
Calculate the greatest common divisor of 27707875 and 3875.
125
What is the greatest common factor of 6057 and 2555381?
673
What is the greatest common factor of 2118648 and 147?
21
What is the greatest common divisor of 819751 and 106?
53
What is the highest common divisor of 39385 and 624008063?
7877
What is the greatest common divisor of 32 and 2330336?
32
What is the highest common factor of 32259978 and 54?
54
What is the greatest common divisor of 1906 and 31360?
2
Calculate the greatest common factor of 3861 and 8843549.
143
Calculate the highest common divisor of 31805377 and 208847.
6737
What is the greatest common divisor of 651384 and 76736?
872
Calculate the highest common divisor of 12 and 1789332.
12
Calculate the highest common divisor of 56 and 514773.
7
What is the greatest common factor of 714104 and 3128?
184
What is the greatest common factor of 959 and 16055441?
137
What is the greatest common divisor of 4302 and 9708408?
18
What is the highest common divisor of 431 and 6376?
1
Calculate the greatest common divisor of 260 and 5095298.
26
Calculate the highest common divisor of 7 and 409707284.
7
What is the greatest common divisor of 98 and 46001543?
49
Calculate the highest common factor of 825 and 1105250025.
825
Calculate the highest common factor of 6202347 and 49913.
2627
What is the greatest common divisor of 10 and 29858795?
5
Calculate the highest common factor of 713223864 and 10768.
5384
What is the highest common factor of 67563375 and 150?
75
What is the highest common factor of 110412 and 143143024?
12268
Calculate the greatest common divisor of 105808440 and 264.
24
What is the greatest common divisor of 21605 and 287912?
29
What is the highest common divisor of 315 and 15393?
21
What is the highest common divisor of 42521 and 394477?
421
Calculate the highest common factor of 39806145 and 22333.
971
Calculate the highest common divisor of 83852181 and 42516.
10629
What is the highest common factor of 3129827030 and 3190?
3190
Calculate the greatest common factor of 15331384 and 16.
8
What is the highest common divisor of 805 and 115180975?
35
What is the greatest common divisor of 1668 and 24410346?
834
Calculate the greatest common factor of 474 and 117201477.
237
What is the highest common divisor of 2700 and 675380?
20
Calculate the greatest common factor of 1045 and 1409881.
11
What is the greatest common divisor of 123578 and 1294853?
679
What is the greatest common factor of 2150 and 4279360?
430
What is the highest common divisor of 16 and 3855944?
8
What is the greatest common divisor of 1134 and 22952202?
42
What is the highest common divisor of 21819615 and 26055?
2895
Calculate the highest common divisor of 8140 and 218636.
44
What is the greatest common divisor of 54 and 4693023?
9
What is the highest common divisor of 4 and 617447?
1
What is the greatest common factor of 17688 and 290664?
264
What is the greatest common divisor of 16088247 and 54?
27
What is the greatest common factor of 1 and 1993300?
1
Calculate the highest common factor of 1480 and 25245692.
148
Calculate the highest common factor of 534856014 and 308.
154
What is the highest common divisor of 6 and 522537474?
6
Calculate the highest common divisor of 173990469 and 1623.
1623
What is the highest common divisor of 41272 and 1809?
67
Calculate the greatest common factor of 5994 and 1607121.
81
Calculate the highest common divisor of 117 and 11061531.
117
What is the greatest common factor of 9748957 and 19?
19
What is the greatest common factor of 92 and 137790263?
23
What is the greatest common divisor of 86105899 and 439?
439
What is the greatest common divisor of 1384 and 335499246?
346
What is the highest common divisor of 1876946 and 1156642?
6926
What is the greatest common divisor of 180 and 16568860?
20
Calculate the greatest common factor of 536656 and 96169.
17
What is the greatest common divisor of 102 and 1102904274?
102
Calculate the highest common divisor of 271245 and 3540.
15
Calculate the greatest common divisor of 8947185 and 1170.
195
Calculate the highest common divisor of 853928 and 26642.
346
Calculate the greatest common factor of 1435161262 and 94.
94
Calculate the highest common divisor of 365121 and 1512.
27
Calculate the highest common divisor of 243 and 21991923.
9
Calculate the highest common divisor of 45140640 and 540.
60
Calculate the greatest common divisor of 170 and 902598.
34
Calculate the greatest common divisor of 89145 and 157395.
105
What is the highest common factor of 192894 and 5538?
78
What is the greatest common divisor of 540 and 262337805?
135
Calculate the highest common divisor of 656 and 327253472.
656
Calculate the greatest common factor of 1201007 and 14219431.
4099
Calculate the highest common divisor of 2699983 and 1054229.
2629
Calculate the highest common factor of 137967104 and 10880.
2176
Calculate the highest common factor of 75932085 and 46.
23
What is the greatest common factor of 564 and 21918336?
12
What is the greatest common factor of 1660 and 158320?
20
Calculate the highest common factor of 13476 and 32160.
12
What is the highest common divisor of 335838 and 10762872?
1338
What is the highest common factor of 1544 and 104928503?
193
What is the greatest common factor of 40272 and 1536?
48
Calculate the greatest common divisor of 3471896 and 184.
184
Calculate the greatest common divisor of 441 and 8438949.
9
What is the greatest common divisor of 7502 and 8856?
2
Calculate the highest common factor of 92428 and 373013.
3301
Calculate the greatest common divisor of 7516632 and 21576.
744
Calculate the highest common factor of 44551 and 106377507.
3427
Calculate the greatest common divisor of 46610871 and 692.
173
What is the greatest common factor of 16440012 and 636124?
5836
Calculate the greatest common divisor of 216805126 and 1077.
359
Calculate the greatest common divisor of 36870587 and 317.
317
Calculate the highest common divisor of 210 and 181788306.
42
Calculate the highest common factor of 83274039 and 9.
9
What is the greatest common factor of 190 and 23126800?
190
What is the highest common divisor of 716098204 and 2878?
2878
Calculate the greatest common divisor of 7040432 and 70.
14
What is the highest common factor of 110968 and 32107?
97
What is the highest common divisor of 7992524 and 2651?
241
Calculate the greatest common factor of 141199678 and 38.
38
Calculate the highest common factor of 169710 and 13170.
30
Calculate the greatest common factor of 13242825 and 10.
5
Calculate the greatest common divisor of 107840 and 97360.
80
Calculate the greatest common factor of 698 and 36770989.
349
What is the highest common divisor of 1665367779 and 2049?
2049
What is the greatest 